{"id":628,"date":"2019-02-25T12:38:05","date_gmt":"2019-02-25T12:38:05","guid":{"rendered":"https:\/\/laparrandadeteror.com\/web2019\/?page_id=628"},"modified":"2019-03-25T14:04:53","modified_gmt":"2019-03-25T13:04:53","slug":"la-parranda-de-teror","status":"publish","type":"page","link":"https:\/\/laparrandadeteror.com\/web\/la-parranda-de-teror\/","title":{"rendered":"LA PARRANDA DE TEROR"},"content":{"rendered":"<p>[vc_row full_width=\u00bbstretch_row\u00bb css=\u00bb.vc_custom_1553083279463{background-color: #0d1c00 !important;background-position: center !important;background-repeat: no-repeat !important;background-size: cover !important;}\u00bb][vc_column][vc_column_text]<\/p>\n<p style=\"text-align: center;\"><span style=\"font-family: stencil, stencilb, impact, arial; font-size: 36pt; color: #e1a125;\"><span style=\"font-size: 42pt;\">L<\/span>A <span style=\"font-size: 42pt;\">P<\/span>ARRANDA DE\u00a0<span style=\"font-size: 42pt;\">T<\/span>EROR<\/span><\/p>\n<p>[\/vc_column_text][vc_empty_space height=\u00bb22px\u00bb][\/vc_column][\/vc_row][vc_row][vc_column][vc_column_text]<\/p>\n<p style=\"text-align: justify;\">Como suelen darse las cosas buenas: por casualidad, sin rumbo, a deseo&#8230; De esa manera, callada y sonora a la vez, se unen en la Romer\u00eda del Pino del a\u00f1o 89 un pu\u00f1ado de personas con el \u00fanico prop\u00f3sito confesado de pasarlo bien cantando, con el alma y la dosis necesaria de encanto para que surgiera casi por arte de magia una autentica Parranda.<\/p>\n<p style=\"text-align: justify;\">Una mixtura de personalidades capaces de formar un grupo musical y de amigos cuyo secreto, en mi opini\u00f3n, es haber tomado como norma el respeto, tanto en su convivencia como en la interpretaci\u00f3n. Las cosas bien hechas desde el principio se hacen s\u00f3lidas e indestructibles con el paso de los a\u00f1os.<br \/>\nEste objetivo vital y art\u00edstico junto al compromiso por dejar constancia de todos y cada uno de sus movimientos mediante grabaciones y ediciones escritas, hace que hoy no solo recordemos 20 a\u00f1os de edad, sino 20 a\u00f1os de historia.<\/p>\n<p style=\"text-align: justify;\">Pero todo tiene un principio, y esta parranda se ven\u00eda fraguando a\u00f1os antes. Varias circunstancias se conjuraron para ello. La desaparici\u00f3n, bastantes a\u00f1os atr\u00e1s, del grupo juvenil \u201cLos Chicharones\u201d dejando en varios de sus componentes las ganas suficientes para continuar la aventura. La fusi\u00f3n a finales de los 70 de este grupo a los \u201cRoneros\u201d, que si bien no logra cuajar con los a\u00f1os, al menos mantiene viva una actividad que en aquella \u00e9poca nos hizo a muchos participar y vivir de un momento donde la m\u00fasica popular serv\u00eda de canal reivindicativo y necesario para los nuevos tiempos.<\/p>\n<p style=\"text-align: justify;\">Ser\u00e1 a finales de 1986 cuando comienzo a darle vueltas a una lista de posibles componentes para un nuevo grupo. Sobraban motivos para intentar la tarea en momentos personalmente dif\u00edciles. De aquella lista a\u00fan quedan en la actual Parranda Pedro Vallejo y Fernando Y\u00e1nez (por el que hubo de esperar bastante tiempo), nombres a los que se sumaron y restaron tantos otros hasta el a\u00f1o 89.<\/p>\n<p style=\"text-align: justify;\">El esquema era sencillo: un grupo base de tocadores de toda la vida y algunos miembros de la Banda de M\u00fasica, a los que se sumar\u00edan otros cargados de inquietudes y un aire fresco y prometedor de savia muy nueva bautizados como \u201clos gremlins\u201d, que ser\u00e1n los que aporten la necesaria juventud y se conviertan, al menos para m\u00ed, en el alma de La Parranda de Teror, el sabor, el desorden, las ganas y el futuro&#8230; Ten\u00edamos de todo, tocadores, m\u00fasicos, y gente joven indomable y con ganas de hacer algo y lanzarnos a la calle como norma de interpretaci\u00f3n.<\/p>\n<p style=\"text-align: justify;\">Por casualidad, ya lo dijimos, toda esta gente coincide en aquella Romer\u00eda convocados por nadie para lograr un objetivo. Y se cumpli\u00f3 el mandato, no pod\u00eda ser de otra forma. Ya solo faltaba comenzar a ensayar y poner un poco de orden y asesoramiento musical que vendr\u00eda de la mano de Manolo Ben\u00edtez; ayudas en la promoci\u00f3n del grupo de parte de Pedro Grim\u00f3n, y el apoyo decidido de la Concejal\u00eda de Cultura del Ayuntamiento de Teror de la \u00e9poca y el Cabildo de Gran Canaria.<\/p>\n<p style=\"text-align: justify;\">Las inquietudes culturales del grupo le llevar\u00e1n r\u00e1pidamente a plantear su primera grabaci\u00f3n discogr\u00e1fica, as\u00ed como a la organizaci\u00f3n de actos en las Fiestas del Pino y colaboraciones con el Cabildo de Gran Canaria. Asimismo establece intercambios con otros grupos para salir de la isla a mostrar el trabajo realizado.<\/p>\n<p style=\"text-align: justify;\">Se pidi\u00f3 la colaboraci\u00f3n de m\u00fasicos como Javier Cerpa, Victor Batista, Jos\u00e9 Santana Falc\u00f3n, Miguel Angel Afonso, Cuarteto Patria y tantos otros. Todos ellos han dejado su huella en esta agrupaci\u00f3n.<br \/>\nSe crea un referente cultural exigente y cr\u00edtico al que rodea mucha y buena gente que le otorgan su confianza para hacerlo a\u00fan mayor. Un grupo que supera los 40 componentes del que surgen ideas, inquietudes y sobre todo problemas que se resuelven con un prop\u00f3sito principal: divertirnos, ense\u00f1ar y aprender, siempre aprender.<\/p>\n<p style=\"text-align: justify;\">Me alegr\u00f3 ser el primer director de la Parranda de Teror, me alegr\u00f3 compartir horas y trabajo durante once a\u00f1os, me alegr\u00f3 conocer y convivir con tanta gente. Hoy me alegra enormemente que todo siga bien y con prop\u00f3sitos. Y me alegra, por supuesto, contar lo que cuento: una idea llega a ser grande y perdurar siempre que en el camino se trabaje bien.<\/p>\n<p style=\"text-align: justify;\">Peyo Ben\u00edtez<\/p>\n<p>Primer director de la Parranda de Teror[\/vc_column_text][vc_empty_space][vc_single_image image=\u00bb1595&#8243; img_size=\u00bbfull\u00bb alignment=\u00bbcenter\u00bb][\/vc_column][\/vc_row]<\/p>\n","protected":false},"excerpt":{"rendered":"<p>[vc_row full_width=\u00bbstretch_row\u00bb css=\u00bb.vc_custom_1553083279463{background-color: #0d1c00 !important;background-position: center !important;background-repeat: no-repeat !important;background-size: cover !important;}\u00bb][vc_column][vc_column_text] LA PARRANDA DE\u00a0TEROR [\/vc_column_text][vc_empty_space height=\u00bb22px\u00bb][\/vc_column][\/vc_row][vc_row][vc_column][vc_column_text] Como suelen darse las cosas buenas: por casualidad, sin rumbo, a deseo&#8230; De esa manera, callada y sonora a la vez, se unen en la Romer\u00eda del Pino del a\u00f1o 89 un pu\u00f1ado de personas con el \u00fanico prop\u00f3sito [&hellip;]<\/p>\n","protected":false},"author":1,"featured_media":0,"parent":0,"menu_order":0,"comment_status":"closed","ping_status":"closed","template":"","meta":[],"_links":{"self":[{"href":"https:\/\/laparrandadeteror.com\/web\/wp-json\/wp\/v2\/pages\/628"}],"collection":[{"href":"https:\/\/laparrandadeteror.com\/web\/wp-json\/wp\/v2\/pages"}],"about":[{"href":"https:\/\/laparrandadeteror.com\/web\/wp-json\/wp\/v2\/types\/page"}],"author":[{"embeddable":true,"href":"https:\/\/laparrandadeteror.com\/web\/wp-json\/wp\/v2\/users\/1"}],"replies":[{"embeddable":true,"href":"https:\/\/laparrandadeteror.com\/web\/wp-json\/wp\/v2\/comments?post=628"}],"version-history":[{"count":11,"href":"https:\/\/laparrandadeteror.com\/web\/wp-json\/wp\/v2\/pages\/628\/revisions"}],"predecessor-version":[{"id":1596,"href":"https:\/\/laparrandadeteror.com\/web\/wp-json\/wp\/v2\/pages\/628\/revisions\/1596"}],"wp:attachment":[{"href":"https:\/\/laparrandadeteror.com\/web\/wp-json\/wp\/v2\/media?parent=628"}],"curies":[{"name":"wp","href":"https:\/\/api.w.org\/{rel}","templated":true}]}}